 Is y a multiple of 11?
True
Let z = -1155 - -1463. Does 198 divide z?
False
Let w = 19839 - 11949. Does 30 divide w?
True
Let j(y) = y**3 - 70*y**2 + 155*y - 121. Is 23 a factor of j(68)?
False
Suppose 114972 = 82*y - 38*y. Does 67 divide y?
True
Let z(h) = h**3 + 8*h**2 + 5*h + 6. Let f(o) = -7*o - 43. Let n be f(-10). Let d = n + -34. Does 3 divide z(d)?
False
Does 14 divide (1/(-5)*-776)/((-330)/(-5775))?
True
Let l be -7 + (-2)/(4/514). Let v = 291 + l. Is v even?
False
Let i = -182 - -198. Suppose -5460 = -5*j - i*j. Is j a multiple of 20?
True
Let y(p) = -203*p + 62. Let n be y(6). Let i = -650 - n. Is 22 a factor of i?
True
Let f(x) = -78*x**2 - 5*x - 10. Let i be f(7). Let p(m) = -m + 25. Let l be p(-8). Is 2/(-11) - i/l a multiple of 6?
False
Suppose 23*d - 79 = -c + 27*d, 2*c - 4*d - 158 = 0. Let j = 40 + -22. Let h = c - j. Is h a multiple of 12?
False
Let q(i) = -23*i + 11. Let v(y) = 2*y**2 + 30*y - 3. Let t be v(-15). Does 8 divide q(t)?
True
Let d(j) = -216*j - 2534. Is 23 a factor of d(-22)?
False
Is 4 a factor of (-357048)/243*12/(-8)?
True
Suppose 2*a - 37 = 3*v, 0*v + 20 = 4*v. Let k(p) = -6 + 14*p - a*p + 17*p. Is k(5) a multiple of 13?
False
Let w(d) = 16*d**3 - 5*d**2 - 4*d + 102. Does 15 divide w(9)?
True
Suppose 11*m - 29783 - 17286 = 0. Is 22 a factor of m?
False
Let k(y) = -150*y + 2540. Does 10 divide k(-17)?
True
Let i(f) = 11*f - 92. Suppose -6*x - 3*g = -2*x - 92, 5*g = -20. Does 44 divide i(x)?
False
Suppose -s + 6 = s. Suppose -5*t - 6 = -s*x, t + 12 = 5*x + 2. Let i = t - -125. Is 30 a factor of i?
False
Let a(z) = -14*z - 343. Let q be a(-38). Let n = 31 + q. Does 6 divide n?
False
Suppose -8 = t - 7. Is 45 a factor of (-18)/(t - -7) + 327?
False
Suppose 117 = 24*l + 45. Let k(f) = f - 1. Let x be k(3). Suppose -4*y - 11 = -r, x*r - l*r + 2*y = -11. Does 3 divide r?
False
Suppose 9*y - 12*y = -3768. Suppose -5*h = 4*s - 1522, 3*h + y - 128 = 3*s. Does 54 divide s?
True
Suppose -h + 6*h = -2*f + 2349, -5*f + 5886 = -h. Suppose 4*z - 5*a - f = 0, -3*z + a = -0*a - 869. Is z a multiple of 48?
True
Suppose 0 = -157*a + 132*a + 34025. Does 11 divide a?
False
Let o = 55 - 45. Suppose -7*m = -o*m - 756. Let p = -153 - m. Does 33 divide p?
True
Let w be (189/(-2) + -5)*6 + 3. Is (1 - -3) + -2*w/4 a multiple of 7?
True
Suppose 3 - 27 = -3*i. Let h(s) = s**3 - 9*s**2 + 11*s - 19. Let g be h(i). Suppose g*b - 11*b = -282. Is b a multiple of 4?
False
Let v = 66761 - 42373. Does 7 divide v?
True
Let s(c) be the first derivative of 33*c**2/2 + 123*c - 77. Is s(19) a multiple of 25?
True
Let d = -466 + 458. Is 123*(d + (-174)/(-18)) a multiple of 6?
False
Let p(y) = -6921*y**3 + 11*y**2 + 13*y + 10. Is 13 a factor of p(-1)?
True
Let f be 0 + (-2 + 6)/1. Suppose 2*w + 1 = f*b + 13, -5*w = -b - 3. Is 24 a factor of 4 + 64 + w + 3?
False
Suppose 14362351 + 4942368 = 784*t - 17906273. Is t a multiple of 137?
False
Suppose -217031 = -25*m + 88644. Is 16 a factor of m?
False
Let y = 39814 + -18497. Does 41 divide y?
False
Suppose -39*x = -131234 + 35996. Is x a multiple of 11?
True
Let w = -73 + 127. Suppose f = -151 + w. Let k = 167 + f. Is k a multiple of 14?
True
Let r be 10/(-3)*(104/20 - 7). Suppose 3*q = -3*j + 1293, r*q - 4*j - 436 = 5*q. Does 12 divide q?
True
Suppose 0 = 25*o - 27*o + 3*x + 2, 0 = -2*x + 4. Suppose o*c = -3*a + 1604, -5*c + 1978 = -8*a + 5*a. Is 37 a factor of c?
False
Let f(x) = -1109*x**3 - 11*x**2 + 10*x - 18. Let s(i) = 554*i**3 + 6*i**2 - 5*i + 10. Let a(q) = -3*f(q) - 5*s(q). Is a(1) a multiple of 43?
True
Suppose 7*w - 3*w + p - 22618 = 0, 3*w - 16975 = 5*p. Is w a multiple of 5?
True
Let d(p) = -52*p - 27. Let r(z) = 2*z + 2. Let s(w) = d(w) - 2*r(w). Is s(-3) a multiple of 7?
False
Suppose -4*u + k = -27985, -3*u - 177*k = -182*k - 20976. Does 78 divide u?
False
Let a(k) = k**3 - 16*k**2 - 17*k + 9. Let h be a(17). Let p(j) = 2 - 5*j - j + j - 4*j + h*j**2 - j**3. Is p(7) a multiple of 6?
False
Let j(x) = x**3 - 10*x**2 + 13*x - 28. Let a be j(7). Does 8 divide -224*((-2)/7 + 39/a)?
True
Let b(l) = l**2 - 22*l + 53. Let z be b(27). Suppose -148 = -d + w, 604 = 3*d + 4*w + z. Does 18 divide d?
True
Let c(u) = u**3 - 10*u**2 + 5*u + 5. Let q be c(7). Let y = -105 - q. Suppose -2*a - y*a = -600. Is 13 a factor of a?
False
Let f(c) = c**3 + 21*c**2 - 22*c - 34. Let y be f(-22). Let m be (-1330)/(-323) + 4/y. Suppose -2*s - 15 = -m*u + 37, -4*s = -5*u + 59. Is u a multiple of 3?
True
Let d be ((-392848)/36 - 0) + (-4)/(-9). Does 18 divide d/(-28) + (-12)/7 + 2?
False
Let r(g) = 2*g + 25. Let l be r(-9). Suppose -l*x = -2*x - 1595. Is 29 a factor of x?
True
Let a(q) = -142*q - 1773. Let n be a(-11). Let r be 1988/6 - 2/(-3). Let b = n + r. Does 11 divide b?
True
Let b(s) = 2*s + 323. Suppose 4*m - 2*y + 32 = 0, 5*m = -2*y + 6*y - 37. Is b(m) a multiple of 10?
False
Let s(d) be the first derivative of 5*d**2/2 + 3*d - 8. Let q be s(12). Suppose -4*l + q = 5*l. Does 6 divide l?
False
Let q(b) = -22*b**3 + 4*b**2 + 3*b. Let l be (-44)/(-539)*7 - (-50)/(-14). Does 9 divide q(l)?
True
Let f = 62 - 9. Suppose l = 72 + f. Is 25 a factor of l?
True
Suppose 2 = -2*m - h, -3*m - 2*m = -5*h - 25. Let l be (-72)/(-10) - (m/(-5))/(-1). Suppose 20 = l*p - 547. Is 9 a factor of p?
True
Suppose -5*b + 2*v = -7276, 2817 + 93 = 2*b - v. Suppose -16*m + 3*m = -b. Is m a multiple of 30?
False
Let n(l) = 18*l + 2. Let s(a) = a**2 + 3*a - 8. Let r be s(-5). Let b be n(r). Suppose t = 60 + b. Is t a multiple of 11?
False
Let z(k) = 50*k**2 - 3*k + 6. Let v be z(3). Suppose 6*q = v + 81. Let b = -47 + q. Does 4 divide b?
False
Let f be (377/116)/(1/100). Is 9 a factor of f + (2 - (2 + 5))?
False
Let o be (-33)/(-9) - 3 - (-11704)/21. Suppose 12*c = 6*c + o. Is 18 a factor of c?
False
Let r(u) = 178*u**2 + 81*u + 107. Is 19 a factor of r(15)?
False
Let x be (-1 - (-12)/3) + 9. Suppose -11*n - 4 = -x*n. Suppose -5*j + i = -0*j - 62, i + 50 = n*j. Does 3 divide j?
True
Let b = -213 + 214. Suppose 3*y = m - 115, -5*y - 24 - b = 0. Is m a multiple of 23?
False
Suppose 0 = 72*b - 55503 + 35568 - 69993. Is b a multiple of 60?
False
Let s be 0*5*1/10 + -2. Is (s + 50/15)*15 a multiple of 5?
True
Suppose -4*c = 1 + 15, 0 = i + 2*c - 2595. Suppose 2671 = 18*z - i. Is 12 a factor of z?
False
Suppose -3*h + 7*h + 2*o = 5438, 4*h + 5*o - 5435 = 0. Let f = 1934 - h. Is 41 a factor of f?
True
Suppose -o + 2*v = v - 181, -3*v = 3*o - 519. Suppose u - 432 + 1308 = 5*t, -t = -2*u - o. Let r = t - 35. Is r a multiple of 24?
False
Suppose -16*d - 5*n + 329415 = -9*d, d - 47025 = 5*n. Is d a multiple of 15?
True
Let n be (-1*2)/(5 - 6 - 0). Does 33 divide 2/((n/(-200))/(2/(-5)))?
False
Suppose 63*y - 279*y = -269136. Is y a multiple of 13?
False
Suppose 0 = -h - 3*w + 8689, -25*h = -21*h - 5*w - 34654. Is h a multiple of 13?
True
Suppose 0 = 4*m + 4, -2*w + 7*m - 3*m + 102 = 0. Suppose 5*j - 2 = g + 42, w = 5*j + 4*g. Suppose 0 = -j*s + 13*s - 336. Is 14 a factor of s?
True
Suppose 2*b - 12 = -2*i, -5*i + 5*b + 30 = 8*b. Suppose i*d - 514 = 830. Is 16 a factor of d?
True
Let z(c) = -c**3 - 22*c**2 - 20*c + 18. Let y = 54 + -75. Let w be z(y). Let g = 31 + w. Is g a multiple of 14?
True
Let m(o) = -8*o**3 - 7*o**3 - 4 - 7*o**3 + 8*o + 12*o**2 + 21*o**3. Is m(11) a multiple of 12?
False
Suppose -47*y = -34546 - 47093. Is 50 a factor of y?
False
Let w(v) = -8 - 3 + 3*v + 10*v**2 - 13. Is 23 a factor of w(-6)?
False
Let s be (1 - 0)*6 - 1. Suppose -2*n + s*n = -159. Let z = n + 88. Is 6 a factor of z?
False
Let b = 4024 - 3901. Does 41 divide b?
True
Let k be 6444/162 + 2/9 - 1. Suppose -40*w + 756 = -k*w. Is w a multiple of 27?
True
Suppose 4*c - 2*r = -3*r - 245, 0 = 5*c + 4*r + 320. Is 31 a factor of (-237)/24*2*c/5?
False
Let z(o) = 33*o**2 + 143*o - 1106. Does 126 divide z(7)?
True
Suppose 3*w - 18*y - 10920 = 0, w - 1315 = 5*y + 2324. Is w a multiple of 2?
True
Suppose -2*k + 4*k + 2*v + 2 = 0, -3*k + 3*v = 15. Is 192 + (0 - -6) + k a multiple of 65?
True
Suppose -1068 = -5*q + 3*x, 7*x - 4*x + 204 = q. Suppose -17*l - q = -21*l. Suppose 0 = 58*z - l*z - 104. Is 5 a factor of z?
False
Suppose -10*b = -8*b + 10, 4*v + 2*b = 6. Is 4 a factor of v/(-24)*3*-334?
False
Let p(s) = s**2 + 3*s + 2. Let c be p(-3). Let d(n) = 17*n**3 + 4*n**2 - 2*